What is the units digit of m?
5
Suppose -2*c + 5*c = 729. What is the units digit of c?
3
Let v = -1 - -6. Suppose 0 = j, -12 = -4*n - v*j + 2*j. Suppose 5*c = -m + n, -c - 14 + 5 = -3*m. What is the units digit of m?
3
Let x be 9/3*4/6. Suppose 0 = b + x - 31. What is the tens digit of b?
2
Suppose 4*x = -5*g - 43, 4*x + 17 + 35 = 4*g. Let u be (1/2)/((-1)/x). What is the units digit of (-101)/(-11) - u/33?
9
What is the units digit of (-13)/91 + 995/7?
2
Let a be (3/3 + -5)/(-1). Suppose -a = l - 1. What is the tens digit of l + 4/2 - -11?
1
Let d(x) = -x**3 - 4*x**2 - 2*x - 3. Let h be d(-4). Let z(g) = 8 + 5 - h + g**3. What is the units digit of z(0)?
8
Suppose 0 = -2*z + k + 3, 3*z + 1 = 3*k - 2. Suppose -z*s = -9*s + 20. Suppose 4*m - s = 48. What is the units digit of m?
3
Suppose -7 = q - 2*q. Let j = 8 - q. What is the units digit of j?
1
Suppose 2*f + 2*b + 27 = 5*f, -4*b + 23 = 5*f. Let i = f - 3. What is the units digit of i?
4
Let j(q) = -6*q + 18. What is the tens digit of j(-9)?
7
Let t = 15 - 9. Let x = 11 - t. Suppose -x*h + b = -92, h - b - 20 = -0*b. What is the tens digit of h?
1
Let o(n) = 2*n**2 + 7*n. Suppose 20 + 10 = -4*f - 5*l, 5*f + 5*l = -35. What is the tens digit of o(f)?
1
Let k be 455/143 - 2/11. Suppose -2*b = 2*b - k*s - 70, -44 = -3*b - 2*s. What is the units digit of b?
6
Suppose 3*z + 10 = 2*v + z, -5*z = 0. What is the units digit of v?
5
Let j(r) = -r**3 + 1. Suppose 0 = -2*b + 10, 3*l = -0*l + 5*b - 25. What is the units digit of j(l)?
1
Let o(n) = -n**3 - 20*n**2 - 44*n + 18. What is the units digit of o(-18)?
2
Let p = -7 - -9. Suppose 0*q + 6 = p*q. What is the units digit of q?
3
Let b(z) = -2*z - 6. What is the units digit of b(-13)?
0
Suppose 0 = -2*t - 0*t - 4, 0 = -2*g - 2*t + 12. Let p = g + -5. What is the units digit of p?
3
Suppose -9*y = -1201 + 229. What is the units digit of y?
8
Let a = -4 - -2. Let g be ((-14)/(1*a))/1. What is the units digit of (4 - 2/1) + g?
9
Let s be 160/(-25) + (-2)/(-5). Let d(h) = -7*h + 15. Let k(v) = -3*v + 7. Let o(q) = -2*d(q) + 5*k(q). What is the tens digit of o(s)?
1
Let r be (-6)/15 - (-4)/10. Suppose r = 2*n - 48 + 6. What is the units digit of n?
1
Let c = -69 + 119. What is the tens digit of c?
5
Let s be 50/18 + (-18)/(-81). Suppose s*i = 7 - 1. What is the units digit of i?
2
Suppose -3*q = 2*q + 4800. What is the units digit of (2/5)/((-16)/q)?
4
Let d be (-88)/(-33) + (-1)/(-3). Let y(t) = t + 4 + t**3 - 3*t**2 + 0*t**2 + 0*t. What is the units digit of y(d)?
7
Suppose -38 = d + 5*y, -d + 3*y - 55 = 7. Let h = -38 - d. Suppose -5*g = 4*w - 45, -2*w + 20 = 5*g - h. What is the units digit of g?
5
Suppose 0*u = -3*u + 156. Let h = u - 37. What is the units digit of h?
5
Suppose -4*i + 4*x = -32, -2*i - 3*x + 13 = -4*x. Suppose 9*u - 48 = i*u. What is the units digit of 4/6 - (-40)/u?
4
Let a(d) = -d**3 + 5*d**2 + 6*d + 4. Let o be a(6). Suppose 0*p + o*p - 1 = -5*j, -j - 3 = 4*p. What is the units digit of j?
1
Let g = 40 + 41. What is the units digit of g?
1
Suppose h = 3 + 4. Let a = 11 - h. Suppose 67 = 3*j + a. What is the tens digit of j?
2
Let r(u) be the second derivative of -2*u + 0*u**2 + 1/3*u**3 + 0 + 1/4*u**4. What is the units digit of r(-2)?
8
Let r(k) = k - 3. Let w be r(6). Suppose 9 = w*t, -5 = -y + 5*t - 13. What is the units digit of y?
7
Let u(g) = -2*g - 9. Let a be u(-6). Suppose 3*z = 48 + a. Let d = z + -7. What is the units digit of d?
0
Suppose 2*s + 0*s - 8 = 0. Suppose 33 = 5*m - 3*h, 2*m - 4*m + 4*h = -16. Suppose 3*k = 12, -2*l + m*l - s*k - 12 = 0. What is the units digit of l?
7
Suppose 5*u + 60 - 418 = -2*x, -3*x + 222 = 3*u. Suppose 0 = n - 6*n + u. What is the units digit of n?
4
Suppose 0 = 2*z - 2*u - u - 25, -4*z = -3*u - 35. Suppose 2*b - z = 3. What is the units digit of b?
4
Let a(d) = -3*d - 3. Let y be a(-2). Suppose -14 = -3*t + o, -19 = -5*t + y*o + 3. Suppose -n + t = 1. What is the units digit of n?
4
Let b(r) = -r**2 + r + 35. What is the units digit of b(0)?
5
Let f = -2 + 4. Suppose -3*k = 3*o + 3, 2*k + 5 = -3*o + f. Let t = o - -8. What is the units digit of t?
7
Let j(l) = -l - 1. Let y(u) = -2*u + 1. Let a(n) = 3*j(n) - y(n). Let d(i) = -i**2 - 2*i - 3. Let p be d(-3). What is the units digit of a(p)?
2
Suppose -6*n + 462 = -0*n. What is the tens digit of n?
7
Suppose -4*z + 403 = 3*v - 0*z, 0 = 5*v + 2*z - 667. What is the units digit of v?
3
Let h be (-4)/(-22) - 31/(-11). Suppose -1 = i + 3*i - l, 3*l = h*i + 3. Suppose -4*s + s + 21 = i. What is the units digit of s?
7
Suppose -3*m = -2*m - 2, 2*u - m + 6 = 0. Let x = 13 - u. Let r = x - 5. What is the tens digit of r?
1
Let a(c) = c - 5. Let u be a(7). Suppose -6*t = -u*t - 124. What is the tens digit of t?
3
Let d(m) = m**3 - 7*m**2 - 8*m - 5. Let q be d(8). Let r = q + 8. What is the units digit of 3 - ((1 - r) + 2)?
3
Suppose 0 = -3*k + 2*a + 324 - 10, -3*a = -3*k + 315. What is the units digit of k?
4
Suppose -h = 4*q - 3*q + 3, -3*h + q = -3. Suppose -4*t + 13 + 3 = h. What is the units digit of t?
4
What is the units digit of (-4 - 36/(-4))/1?
5
Suppose 18 = 2*i - 4*i. Let f = 1 + i. What is the units digit of 9/6*f/(-3)?
4
Let x = 5 + -1. Suppose 7 = -4*m + 5*m + k, x*m = -3*k + 26. Suppose m*p = 5*v - v - 18, -2*p = -4. What is the units digit of v?
7
Let s(m) = m**3 + 7*m**2 - 10*m + 5. Let r be s(-8). Suppose p - 18 = r. Suppose 3*a - 15 = 4*i, p = 4*a + a - 2*i. What is the units digit of a?
9
Suppose 0 = -u + 4, -3*t = t - 3*u. Suppose -4*x + t = 7. What is the units digit of 21/9*(2 - x)?
7
Let q = -35 + 4. Let s = -15 - q. What is the units digit of s?
6
Let b(v) = 3*v + 13. Let s(x) = -2*x - 6. Let c(k) = 3*b(k) + 7*s(k). Let t be c(3). What is the units digit of (t/(-15))/(2/20)?
2
Suppose 4*d - 22 = -2*t, 14 = -4*t + 2*d + 68. What is the units digit of t?
3
Let j(x) = -9*x**3 - 2*x**2 + 3*x + 2. Let s be j(-2). Suppose -i - 4*i + s = 0. What is the units digit of 15/6*i/10?
3
Suppose -4*u = -u - 15. Suppose u*t - 11 = 9. What is the units digit of t?
4
Let o = -5 - -3. Let n be (-3)/(-2)*(6 - 2). Let i = o + n. What is the units digit of i?
4
Let i(n) = n**2 + 8*n + 5. Let z be i(-4). Let h = -8 - z. Suppose h*m = -m + 2*s + 60, 5*s = -m + 4. What is the tens digit of m?
1
What is the units digit of 176/28 - (-2)/(-7)?
6
Let p(x) = -x**3 + 7*x**2 - 6*x + 2. Let o be (-1)/((-3)/(-36)*-2). Let w be p(o). Suppose 3*s - 8 = -w*n, 6*s - s - 8 = 2*n. What is the units digit of s?
2
Suppose -5*g + 14 - 4 = 0. Let f(s) = s**3 - 3*s + 3. Let d be f(g). Suppose 3*h + 0*w - 50 = -2*w, -d*w = -5. What is the tens digit of h?
1
Let l(o) = 3*o + 3. Let u(a) = 4*a + 4. Let v(z) = 5*l(z) - 4*u(z). Let y be v(-5). Suppose -y*c + 22 = -2. What is the units digit of c?
6
Let x(n) = 2*n - 6. Let v be x(4). Suppose -v*q - 1 + 13 = 0. What is the units digit of (-9)/(-6)*32/q?
8
Let j(f) = f**3 - f**2 + 2*f - 4. Let o be j(0). Suppose 2*h + 2*h - 20 = 0. Let c = h - o. What is the units digit of c?
9
Let k(r) = -20*r. Let x = -18 + 17. What is the tens digit of k(x)?
2
Let x = 44 + 0. What is the units digit of x?
4
Let x(h) = 2*h**3 - 22*h**2 + 10*h + 3. What is the hundreds digit of x(11)?
1
Let r = -326 - -555. What is the units digit of r?
9
Let d = -40 + 118. What is the tens digit of d?
7
Suppose 7*p - 25 = 2*p. Suppose 2*y - u - 9 = -0*u, -3*u = 5*y + p. What is the units digit of y?
2
Let a = 528 - 373. What is the hundreds digit of a?
1
Let m = 79 + -47. What is the units digit of m?
2
Let t = 3 + 0. Suppose 0*v + t*v = -3*b + 42, 4*b - 61 = -5*v. What is the units digit of b?
9
Suppose 0 = -2*y + 25 + 105. Suppose 5*t - 4*w + 0*w - y = 0, -5*t + 3*w = -70. What is the tens digit of t?
1
Suppose 4*k + 3*b = -b - 188, 4*k = b - 183. Let n = -21 - k. What is the tens digit of n?
2
Suppose -5*w + 2*w = -135. What is the tens digit of w?
4
Suppose -3*m + 5*m = 4. What is the units digit of -3 - 8*(-3 + m)?
5
What is the tens digit of 676/34 + 12/102?
2
Let i(u) = 123*u**2 - 1. Let c be i(1). Suppose -10 = 2*k, -k = -4*t + k + c. What is the tens digit of t?
2
Let m be 6222/(-9) - 2/3. What is the units digit of 4/(-18) - m/36?
9
Suppose -17*i + 71 = -16*i. What is the tens digit of i?
7
Let h = -7 + 5. Let t = h - -3. Let f = 2 - t. Wh